re the prime factors of 3178429?
29, 127, 863
List the prime factors of 6441106.
2, 7, 460079
What are the prime factors of 5440456?
2, 7, 97151
What are the prime factors of 63575?
5, 2543
What are the prime factors of 23386567?
23386567
List the prime factors of 1761818.
2, 880909
What are the prime factors of 1260006?
2, 3, 11, 17, 1123
What are the prime factors of 8842353?
3, 13, 19, 11933
What are the prime factors of 1028398?
2, 7, 17, 29, 149
List the prime factors of 5125002.
2, 3, 113, 7559
What are the prime factors of 323990?
2, 5, 179, 181
List the prime factors of 549561.
3, 37, 4951
List the prime factors of 20559130.
2, 5, 523, 3931
List the prime factors of 985773.
3, 328591
List the prime factors of 3937916.
2, 61, 16139
List the prime factors of 1151086.
2, 251, 2293
List the prime factors of 5645660.
2, 5, 19, 83, 179
List the prime factors of 1389464.
2, 173683
What are the prime factors of 268570?
2, 5, 107, 251
List the prime factors of 740635.
5, 7, 3023
What are the prime factors of 24788244?
2, 3, 13, 17, 719
List the prime factors of 9589274.
2, 4794637
What are the prime factors of 6770890?
2, 5, 7, 197, 491
List the prime factors of 457740.
2, 3, 5, 2543
List the prime factors of 3966313.
13, 305101
What are the prime factors of 24391681?
4271, 5711
List the prime factors of 194006.
2, 97003
What are the prime factors of 6011595?
3, 5, 103, 1297
List the prime factors of 9195154.
2, 4597577
What are the prime factors of 2686649?
7, 383807
List the prime factors of 915788.
2, 283, 809
What are the prime factors of 4955447?
7, 19, 37, 53
List the prime factors of 71729.
7, 10247
What are the prime factors of 347812?
2, 89, 977
List the prime factors of 12523279.
37, 89, 3803
List the prime factors of 365499.
3, 13537
What are the prime factors of 1072950?
2, 3, 5, 23, 311
What are the prime factors of 759904?
2, 23747
What are the prime factors of 5721530?
2, 5, 367, 1559
What are the prime factors of 210891?
3, 70297
List the prime factors of 16411744.
2, 19, 26993
What are the prime factors of 4798474?
2, 2399237
What are the prime factors of 11290509?
3, 97, 479
What are the prime factors of 4188941?
59, 70999
List the prime factors of 22427.
41, 547
List the prime factors of 373097.
509, 733
What are the prime factors of 8650361?
8650361
What are the prime factors of 934198?
2, 167, 2797
List the prime factors of 41701.
11, 17, 223
What are the prime factors of 1644946?
2, 37, 22229
List the prime factors of 7420889.
7, 359, 2953
What are the prime factors of 1300704?
2, 3, 17, 797
What are the prime factors of 19538097?
3, 6512699
List the prime factors of 132707.
132707
What are the prime factors of 8156076?
2, 3, 23, 29, 1019
What are the prime factors of 4298628?
2, 3, 358219
List the prime factors of 658762.
2, 13, 1949
List the prime factors of 414872.
2, 51859
List the prime factors of 731832.
2, 3, 30493
What are the prime factors of 2925202?
2, 7, 19, 1571
What are the prime factors of 1559528?
2, 151, 1291
What are the prime factors of 5433312?
2, 3, 56597
What are the prime factors of 555440?
2, 5, 53, 131
List the prime factors of 4192376.
2, 524047
What are the prime factors of 274526?
2, 7, 19609
List the prime factors of 17080736.
2, 59, 83, 109
What are the prime factors of 636387?
3, 23, 401
What are the prime factors of 414911?
7, 59273
List the prime factors of 186535.
5, 37307
What are the prime factors of 7295165?
5, 43, 33931
What are the prime factors of 4609528?
2, 7, 11, 1069
What are the prime factors of 3991248?
2, 3, 9239
List the prime factors of 35721157.
35721157
List the prime factors of 6328819.
7, 904117
List the prime factors of 11098374.
2, 3, 7, 23, 11489
What are the prime factors of 69407?
13, 19, 281
What are the prime factors of 260633?
263, 991
List the prime factors of 15692228.
2, 131, 29947
What are the prime factors of 313580?
2, 5, 15679
What are the prime factors of 3768390?
2, 3, 5, 17, 821
What are the prime factors of 2389027?
17, 89, 1579
What are the prime factors of 4132346?
2, 2066173
What are the prime factors of 9835625?
5, 15737
What are the prime factors of 321269?
13, 1901
What are the prime factors of 28004015?
5, 13, 17, 25343
List the prime factors of 386863.
59, 79, 83
List the prime factors of 560304.
2, 3, 1297
What are the prime factors of 25206471?
3, 43, 7237
What are the prime factors of 9842576?
2, 615161
List the prime factors of 1215569.
1215569
List the prime factors of 389908.
2, 107, 911
List the prime factors of 800693.
800693
List the prime factors of 236557.
229, 1033
List the prime factors of 3220271.
3220271
List the prime factors of 313213.
97, 3229
What are the prime factors of 22574940?
2, 3, 5, 251, 1499
What are the prime factors of 21657772?
2, 97, 55819
List the prime factors of 15104089.
7, 11, 13, 79, 191
What are the prime factors of 1541150?
2, 5, 13, 2371
List the prime factors of 498774.
2, 3, 97, 857
What are the prime factors of 3206493?
3, 103, 1153
What are the prime factors of 2529611?
7, 361373
What are the prime factors of 9072834?
2, 3, 79, 19141
What are the prime factors of 3799471?
13, 292267
What are the prime factors of 110112?
2, 3, 31, 37
What are the prime factors of 303352?
2, 7, 5417
What are the prime factors of 277038?
2, 3, 15391
List the prime factors of 2429605.
5, 23, 37, 571
List the prime factors of 1432940.
2, 5, 71647
List the prime factors of 9955996.
2, 619, 4021
What are the prime factors of 15933623?
15933623
What are the prime factors of 4280199?
3, 7, 11, 2647
List the prime factors of 181126.
2, 11, 8233
List the prime factors of 7982204.
2, 19, 127, 827
List the prime factors of 1362523.
1362523
What are the prime factors of 11645786?
2, 1373, 4241
What are the prime factors of 8894976?
2, 3, 5791
List the prime factors of 417430.
2, 5, 13, 19
List the prime factors of 412998.
2, 3, 17, 4049
List the prime factors of 221648.
2, 7, 1979
What are the prime factors of 907231?
13, 19, 3673
List the prime factors of 14987919.
3, 41, 121853
List the prime factors of 136271.
29, 37, 127
What are the prime factors of 2322095?
5, 464419
What are the prime factors of 308936?
2, 23, 73
List the prime factors of 1211646.
2, 3, 89, 2269
List the prime factors of 12682713.
3, 4227571
List the prime factors of 502764.
2, 3, 41897
What are the prime factors of 5445339?
3, 137, 13249
List the prime factors of 307224.
2, 3, 17, 251
List the prime factors of 190669.
190669
List the prime factors of 13992545.
5, 7, 399787
What are the prime factors of 18565386?
2, 3, 7, 442033
What are the prime factors of 403785?
3, 5, 997
What are the prime factors of 3397522?
2, 83, 97, 211
List the prime factors of 310475.
5, 11, 1129
What are the prime factors of 25570211?
4703, 5437
List the prime factors of 3485320.
2, 5, 87133
List the prime factors of 2335979.
29, 109, 739
What are the prime factors of 1065980?
2, 5, 53299
What are the prime factors of 824200?
2, 5, 13, 317
List the prime factors of 2293101.
3, 31, 8219
List the prime factors of 84497.
7, 12071
List the prime factors of 236235.
3, 5, 15749
List the prime factors of 3158951.
3158951
What are the prime factors of 9292008?
2, 3, 11, 61, 577
What are the prime factors of 229044?
2, 3, 19087
What are the prime factors of 2427283?
1549, 1567
List the prime factors of 19258049.
1031, 18679
List the prime factors of 178533.
3, 83, 239
List the prime factors of 457131.
3, 152377
What are the prime factors of 34925075?
5, 1171, 1193
What are the prime factors of 123326?
2, 7, 23, 383
What are the prime factors of 1838834?
2, 919417
List the prime factors of 5373481.
1549, 3469
List the prime factors of 1543589.
1543589
List the prime factors of 360868.
2, 90217
What are the prime factors of 325367?
7, 53, 877
What are the prime factors of 30221617?
30221617
What are the prime factors of 1433227?
19, 241, 313
List the prime factors of 443129.
443129
List the prime factors of 79527.
3, 7, 541
List the prime factors of 235630.
2, 5, 23563
List the prime factors of 548418.
2, 3, 13, 79, 89
List the prime factors of 4824809.
11, 31, 14149
List the prime factors of 3220105.
5, 7, 92003
What are the prime factors of 1173603?
3, 37, 97, 109
What are the prime